+ 2*l - 1. Let m = 53 - 38. Calculate the remainder when m is divided by p(q).
6
Calculate the remainder when (-650)/(-4)*(-3 - (-161)/35) is divided by 10.
0
Suppose 43 = 5*o - 3*d, 5*d = -3*o + 6*o - 29. Let f(c) = 7*c - c**2 + o*c + 0 - 3*c + 6. What is the remainder when f(7) is divided by 21?
20
What is the remainder when 56 is divided by (-1)/5 + 192/10?
18
Calculate the remainder when 693 is divided by 25/10*(-3664)/(-40).
6
Let b(h) = -h. Let y(f) be the first derivative of -14*f**2 - 1. Let q(d) = -4*b(d) + 2*y(d). Calculate the remainder when q(-1) is divided by 18.
16
Let b = -339 - -387. Calculate the remainder when b is divided by 7.
6
What is the remainder when 65/(-26)*292/(-10) is divided by 38?
35
Let b(l) = 8*l**2 - 24*l - 76. Calculate the remainder when 542 is divided by b(-3).
66
Calculate the remainder when (-67 + -2 - 5)*-5 is divided by 20.
10
Let l(y) = -y**3 + 6*y**2 - 3*y + 2. Let g = 7 - 0. Let u be l(g). Let d = -34 - u. Calculate the remainder when d is divided by 12.
10
Let u(f) = -3*f**3 - 3*f**2. Let b be u(-2). Let a be (18/4)/(b/(-16)). Let j = 17 + a. What is the remainder when 19 is divided by j?
8
Suppose 3*s - 118 - 35 = 0. Calculate the remainder when 147 is divided by s.
45
Suppose -c = -15 - 7. Suppose 6*j = 186 + 54. Suppose -11*a + j = -6*a. What is the remainder when c is divided by a?
6
Let i be 159/954 - ((-25)/6)/(-1). What is the remainder when (2/5)/(2/110) is divided by 2/(i - 17/(-4))?
6
Let q(x) = -x**3 + x + 13. Suppose -t + 2*t = -6. Calculate the remainder when 40 - ((-3 - t) + (-1)/1) is divided by q(0).
12
Suppose 5*q - 15 = 2*d, 12 = 7*q - 3*q - 3*d. Suppose -4*v + 113 = -0*v + 5*g, -5*v + 130 = 4*g. What is the remainder when v is divided by q?
1
Let w(b) = -2*b**2 + 4*b + 82. What is the remainder when w(0) is divided by 43?
39
Let w = 1122 + -1000. What is the remainder when 238 is divided by w?
116
Let g = 66 + -50. Calculate the remainder when 26 is divided by g.
10
Suppose 4*c - 25 = -c. Suppose 0*o - 81 = -2*o + c*g, -5*g = 3*o - 184. Let u = 17 - -10. Calculate the remainder when o is divided by u.
26
Suppose 3 = 2*o - 1. Suppose -5 + 1 = o*d. Calculate the remainder when 17 is divided by ((-3)/d)/((-1)/(-4)).
5
Let k = -183 + 187. What is the remainder when 12 is divided by k?
0
Suppose -4*m + 82 = -2*p, -24*m = -26*m - 2*p + 44. Calculate the remainder when 36 is divided by m.
15
Let q(g) = g + 4. Let s be q(7). Suppose -i - a - a + 9 = 0, -s = -i - 3*a. What is the remainder when 22 is divided by i?
2
Suppose -51 = -3*d - 2*s, 5*d + s - 66 = 19. Suppose -2*r - 1 = -d. What is the remainder when 20 is divided by r?
4
Suppose 27*b + 1950 = 52*b. Calculate the remainder when 234 is divided by b.
0
What is the remainder when 47 is divided by ((-6)/(-6))/(4/32)?
7
Suppose -f = -4*f. Suppose 3*g + 6*q - 29 = q, -4*g = 2*q - 34. Suppose 20 = 5*n + 3*v, f = n - 0*n + 3*v + g. What is the remainder when 11 is divided by n?
4
Suppose 2*z = -8*b + 9*b - 29, 0 = 5*b - 3*z - 145. Calculate the remainder when 317 is divided by b.
27
Suppose 15 - 1327 = -16*w. What is the remainder when w is divided by 28?
26
Let h(b) = b**3 + 8*b**2 - 4*b - 10. What is the remainder when h(-8) is divided by -5 + 792/45 + (-6)/10?
10
Let i(q) = 4*q**2 + 593*q + 2341. Let y = 1 - 0. What is the remainder when y/4 + (-251)/(-4) is divided by i(-4)?
30
Let p(t) = 11*t**2 + 4. Calculate the remainder when 237 is divided by p(2).
45
Suppose -84*t - 5*n + 24 = -80*t, 4*n - 15 = t. Suppose -p - 20 = -6*p. Suppose 4*g - p = 5*r, 2*g + g = r + 3. What is the remainder when g is divided by t?
0
Let i = 139 - 61. Let l = -62 + i. What is the remainder when l is divided by 6?
4
Let c(f) = -5 - 10*f**2 + 0*f - 9*f + 9*f**2 + 8. Let l(b) = -b**3 - 3*b**2 + 6*b + 1. Let m be l(-4). Calculate the remainder when 67 is divided by c(m).
16
Let i(n) = -n**3 - 15*n**2 - 15*n - 10. Suppose k - 108 = -4*j, -3*k + 6*k = 0. What is the remainder when j is divided by i(-14)?
3
Let x be (296/12)/(8/12). Suppose -3*a - 13 = 2*n - 7*n, 0 = 5*n - a - 21. Suppose -x = -3*k + n. Calculate the remainder when 55 is divided by k.
13
Let t(n) = 7*n - 17. What is the remainder when t(14) is divided by 7 - 260/36 - 742/(-18)?
40
Suppose -6*t + 2*t = -52. Suppose -d = -5, 0 = -k + 2*d + 2*d + 29. What is the remainder when k is divided by t?
10
Let y = 729 - 549. Calculate the remainder when y is divided by 14.
12
Suppose 276 = 5*k - 89. Let v be ((-28)/(-7))/(0 + 2/(-16)). Let w = v + k. Calculate the remainder when w is divided by 11.
8
Let k = 25 + 3. Suppose -k = -2*s + 5*o, -3*s - 5*o = 2*s. Suppose 210 = 3*d + s*d. Calculate the remainder when d is divided by 16.
14
Suppose -3*a = -27 - 24. Let z(j) = j**3 - 16*j**2 - 15*j - 33. Calculate the remainder when 1 is divided by z(a).
0
Let g be 21/5 - 1/5. Let u(i) = -3*i. Let q(s) = 4*s + 1. Let j(b) = 5*q(b) + 6*u(b). What is the remainder when j(g) is divided by 8?
5
Let y(z) = 7*z**2 + 5*z + 17. Calculate the remainder when y(6) is divided by 34.
27
Let p be (2/(-5))/((-17)/170). Suppose -4*o - p*u = -64, 4*o - 4*u - 14 = 2*o. Calculate the remainder when o is divided by 9.
4
Let z = 1181 + -1022. What is the remainder when z is divided by 18?
15
Let y(i) = i**3 - 7*i**2 - 4*i + 11. Let w(p) = -p**3 - 10*p**2 + 5*p + 15. Let s be w(-10). Let k = -24 - s. What is the remainder when y(8) is divided by k?
10
Let s be (-1)/(2 - (-20)/(-8)). Suppose 1 = s*z - 1, -3*h - 2*z - 1 = 0. What is the remainder when 47 is divided by (-26)/(6/(-3)) + h?
11
Let x = 56 + -37. Let s = 12 + 40. Let n = -16 + s. Calculate the remainder when n is divided by x.
17
Let n(b) = -39*b**3 + 8*b**2 - 2*b + 17. Let i(h) = -26*h**3 + 5*h**2 - h + 11. Let v(u) = 8*i(u) - 5*n(u). What is the remainder when v(-2) is divided by 36?
31
Let o = -49 - 55. Let w = -48 - o. Calculate the remainder when w is divided by 15.
11
Let r(w) = -w**2 - 8*w + 5. Let t be r(5). Calculate the remainder when (37*3)/(5/t*-9) is divided by 30.
28
Suppose -3*s + 4*r = -83, -5*s - r + 88 = -2*s. Let t = s + -16. Suppose -2*w + 7 = -t. Calculate the remainder when w is divided by 3.
1
Let n = 16 + -9. Let t(d) = 2*d**2 - 14*d + 9. Calculate the remainder when 26 is divided by t(n).
8
Suppose 0 = 3*n + 5*n - 368. Suppose 2*a - n = -5*w + a, -a = 2*w - 16. Calculate the remainder when 69 is divided by w.
9
Let m(n) = n**2 - 29. What is the remainder when 65 is divided by m(7)?
5
Let a(y) = y**2 + 8*y. Let z be a(-7). Let v be (27/(-21) - -1)*z. Suppose u + v = 17. What is the remainder when u is divided by 8?
7
Let n(r) = -r**3 - 14*r**2 - 17*r + 7. Let k be n(-13). Suppose 191 = 4*f + k. What is the remainder when ((-6)/2)/((-3)/130) is divided by f?
31
Let a(s) = s**3 - 9*s**2 + s - 13. Let v be a(9). Let x be -1*((-4)/v)/1. Let n = x - -32. Calculate the remainder when n is divided by 11.
9
Let b(f) = -f**3 - f**2. Let g(q) = -q**3 - 7*q**2 + 3*q - 1. Let s(m) = 2*b(m) - g(m). Suppose -14 - 2 = -4*l. What is the remainder when s(2) is divided by l?
3
Let k(c) be the second derivative of c**3 + 3*c**2/2 - 5*c. Let t be k(-4). Let l = 38 + t. Calculate the remainder when l is divided by 9.
8
Suppose 0 = 8*w - 4*w - 8. Suppose -6*b + w*b = -2*p - 374, -2*b = 5*p - 169. Calculate the remainder when -3*(1*b)/(-4) is divided by 18.
15
Suppose 9*l + 0*l - 36 = 0. Suppose -3*h + 3 = 0, -p + l*h + 11 = -0*p. What is the remainder when 42 is divided by p?
12
Calculate the remainder when (9/(-15))/((-33)/1870) is divided by 13.
8
Suppose 0 = -66*z + 19*z + 376. Calculate the remainder when 1196 is divided by z.
4
Let i = -363 + 406. Calculate the remainder when 163 is divided by i.
34
Suppose u - 38 = -2*k - 7, -3*u = -2*k - 125. What is the remainder when u is divided by 3/3*(57 + -1)/4?
11
Suppose -3*v = 5*l - 101, l + 15 = 2*l - 2*v. Suppose 4*a - 16 = 0, d + a - l = -0*d. Calculate the remainder when 27 is divided by d.
12
Suppose -323 = -48*m + 31*m. What is the remainder when 74 is divided by m?
17
Suppose 5*r - 4*r + 3*z + 7 = 0, -5*z - 35 = -3*r. Suppose 4*s - 75 - r = 0. Let n = -228 - -235. Calculate the remainder when s is divided by n.
6
Suppose 5*i - 5*r = 95, 3*r = 3*i + 6*r - 45. Calculate the remainder when 57 is divided by i.
6
Let 